{"id":28,"date":"2014-03-18T17:57:41","date_gmt":"2014-03-18T16:57:41","guid":{"rendered":"http:\/\/www.pck-krotoszyn.pl\/?page_id=28"},"modified":"2025-03-17T13:30:55","modified_gmt":"2025-03-17T12:30:55","slug":"zarzad","status":"publish","type":"page","link":"http:\/\/www.pck-krotoszyn.pl\/?page_id=28","title":{"rendered":"ZARZ\u0104D"},"content":{"rendered":"<p style=\"text-align: center;\"><span style=\"text-decoration: underline; font-size: 14pt;\"><strong>ODDZIA\u0141 REJONOWY W KROTOSZYNIE<\/strong><\/span><\/p>\n<p>&nbsp;<\/p>\n<h4 data-start=\"448\" data-end=\"494\"><strong data-start=\"453\" data-end=\"492\">Nowy Zarz\u0105d Oddzia\u0142u Rejonowego PCK<\/strong><\/h4>\n<ul data-start=\"495\" data-end=\"683\">\n<li data-start=\"495\" data-end=\"528\"><strong data-start=\"497\" data-end=\"508\">Prezes:<\/strong> Krzysztof Kierzek<\/li>\n<li data-start=\"529\" data-end=\"564\"><strong data-start=\"531\" data-end=\"546\">Wiceprezes:<\/strong> Wies\u0142aw G\u0142uszek<\/li>\n<li data-start=\"565\" data-end=\"608\"><strong data-start=\"567\" data-end=\"580\">Skarbnik:<\/strong> Marzena Furmanek-Szczotka<\/li>\n<li data-start=\"609\" data-end=\"641\"><strong data-start=\"611\" data-end=\"625\">Sekretarz:<\/strong> Marzena Nowak<\/li>\n<li data-start=\"642\" data-end=\"683\"><strong data-start=\"644\" data-end=\"664\">Cz\u0142onek Zarz\u0105du:<\/strong> Piotr Ni\u015bkiewicz<\/li>\n<\/ul>\n<h4 data-start=\"685\" data-end=\"737\"><strong data-start=\"690\" data-end=\"735\">Komisja Rewizyjna Oddzia\u0142u Rejonowego PCK<\/strong><\/h4>\n<ul data-start=\"738\" data-end=\"842\">\n<li data-start=\"738\" data-end=\"772\"><strong data-start=\"740\" data-end=\"759\">Przewodnicz\u0105cy:<\/strong> Bogdan Kot<\/li>\n<li data-start=\"773\" data-end=\"808\"><strong data-start=\"775\" data-end=\"789\">Sekretarz:<\/strong> Sebastian \u0141uczak<\/li>\n<li data-start=\"809\" data-end=\"842\"><strong data-start=\"811\" data-end=\"823\">Cz\u0142onek:<\/strong> Zbigniew Bojanek<\/li>\n<\/ul>\n<p>&nbsp;<\/p>\n<p style=\"text-align: left;\"><span style=\"font-size: 14pt;\">Krotoszyn, dnia 27 luty 2025 r.<\/span><\/p>\n","protected":false},"excerpt":{"rendered":"<p>ODDZIA\u0141 REJONOWY W KROTOSZYNIE &nbsp; Nowy Zarz\u0105d Oddzia\u0142u Rejonowego PCK Prezes: Krzysztof Kierzek Wiceprezes: Wies\u0142aw G\u0142uszek Skarbnik: Marzena Furmanek-Szczotka Sekretarz: Marzena Nowak Cz\u0142onek Zarz\u0105du: Piotr Ni\u015bkiewicz Komisja Rewizyjna Oddzia\u0142u Rejonowego PCK Przewodnicz\u0105cy: Bogdan Kot Sekretarz: Sebastian \u0141uczak Cz\u0142onek: Zbigniew Bojanek &nbsp; Krotoszyn, dnia 27 luty 2025 r.<\/p>\n","protected":false},"author":1,"featured_media":0,"parent":0,"menu_order":0,"comment_status":"closed","ping_status":"open","template":"","meta":{"_regular_price":[],"currency_symbol":[],"footnotes":""},"class_list":["post-28","page","type-page","status-publish","hentry"],"post_slider_layout_featured_media_urls":{"thumbnail":"","post_slider_layout_landscape_large":"","post_slider_layout_portrait_large":"","post_slider_layout_square_large":"","post_slider_layout_landscape":"","post_slider_layout_portrait":"","post_slider_layout_square":"","full":""},"_links":{"self":[{"href":"http:\/\/www.pck-krotoszyn.pl\/index.php?rest_route=\/wp\/v2\/pages\/28","targetHints":{"allow":["GET"]}}],"collection":[{"href":"http:\/\/www.pck-krotoszyn.pl\/index.php?rest_route=\/wp\/v2\/pages"}],"about":[{"href":"http:\/\/www.pck-krotoszyn.pl\/index.php?rest_route=\/wp\/v2\/types\/page"}],"author":[{"embeddable":true,"href":"http:\/\/www.pck-krotoszyn.pl\/index.php?rest_route=\/wp\/v2\/users\/1"}],"replies":[{"embeddable":true,"href":"http:\/\/www.pck-krotoszyn.pl\/index.php?rest_route=%2Fwp%2Fv2%2Fcomments&post=28"}],"version-history":[{"count":2,"href":"http:\/\/www.pck-krotoszyn.pl\/index.php?rest_route=\/wp\/v2\/pages\/28\/revisions"}],"predecessor-version":[{"id":1600,"href":"http:\/\/www.pck-krotoszyn.pl\/index.php?rest_route=\/wp\/v2\/pages\/28\/revisions\/1600"}],"wp:attachment":[{"href":"http:\/\/www.pck-krotoszyn.pl\/index.php?rest_route=%2Fwp%2Fv2%2Fmedia&parent=28"}],"curies":[{"name":"wp","href":"https:\/\/api.w.org\/{rel}","templated":true}]}}